+ -2 - 0) + 7.
-4
-3 + -2 + 2 - (-2 - 4)
3
What is the value of -3 - (-4 + 2 + -2 - -2)?
-1
Evaluate 2 + 0 - (-2 - -3) - 3.
-2
What is the value of (8 - (2 - 1)) + (1 - 14)?
-6
Calculate 1 + (4 - -8 - 6).
7
Evaluate -6 + -6 + 3 + 7 + 4.
2
What is 18 - (-6 + 0 + 20)?
4
12 + -20 + 0 + 9
1
What is 0 + -1 + -3 + 7 - 3?
0
(-2 - (-3 - -5)) + 1 + 7
4
What is -3 - (-1 - -1) - 1?
-4
1 + (4 + -3 - -1)
3
What is 1 + -6 + 5 + 6 - 9?
-3
0 - (-2 - -3 - 6)
5
Evaluate 1 + (6 - 4) + -8.
-5
(2 - 5 - -1) + 2 + -5
-5
What is the value of -18 + 12 - (-2 + -3)?
-1
Calculate -2 + (-1 - -5) + 3.
5
Evaluate 0 + -1 + (14 - 8) + 0.
5
Calculate 4 - (17 - (4 + (4 - 2))).
-7
-1 + (-3 + (-1 - -6) - -3)
4
Evaluate 2 - (6 - 9) - 11.
-6
1 + 0 - (76 - 73) - -6
4
(-1 + 1 - -5) + 2
7
What is the value of (1 - -4) + 1 - 12?
-6
Evaluate 5 - (7 - (3 + (2 - 1))).
2
2 + 0 + (21 - 26)
-3
What is 2 + (2 - (-8 - -5)) + 0?
7
Calculate 69 - 77 - (-6 + 0).
-2
(0 - 4) + (-1 + 2 - -4)
1
-1 - (-2 + -2 - -1)
2
Evaluate -4 - (-1 - -2) - (3 - 12).
4
Calculate 2 - (3 + -1) - (-17 + 21).
-4
What is the value of -1 - (0 + -2) - -4?
5
What is the value of 1 - -2 - (-2 - 1 - 3)?
9
(-3 - 6) + 12 - (-2 + 0)
5
What is -7 + -3 + 6 + 2 + 6?
4
-35 + 25 + 6 + 0 + 0
-4
20 + -21 + (1 - -2)
2
Evaluate 3 + (-3 + 0 - -1) + 2.
3
Calculate (6 - 6) + (-9 - -15).
6
-3 + 3 + (-6 - -6)
0
Evaluate 0 + 2 + (-14 - -9) + 7.
4
What is the value of 10 + -1 + (1 + -2 - 3)?
5
(-4 - (4 - 5)) + 4 + -1
0
1 + -2 - (83 + -91)
7
Calculate 4 - (0 + 1 + 1).
2
3 - (2 - (0 - 4))
-3
What is the value of -6 + (9 - -2) + (4 - 1)?
8
Evaluate -3 - (-11 + 2) - 9.
-3
Calculate 7 - -17 - 10 - 12.
2
What is the value of (-1 - 1) + (10 - 7)?
1
What is the value of (11 + -3 - 1) + -5?
2
-1 + (-5 - -2) - (-41 - -40)
-3
What is the value of 14 - 13 - (4 - 0)?
-3
Calculate (0 - 5) + -3 - -15.
7
Calculate (8 + 2 - 8) + -1 + -8.
-7
What is (1 - 8) + (-14 - -13) + 4?
-4
What is -3 + 1 + 10 + (-3 - -1)?
6
Calculate 2 - -1 - (9 + -9) - 6.
-3
What is the value of 2 + 3 + (2 + 1 - 5)?
3
Evaluate 3 + -4 + (-5 - (-1 - 6)).
1
What is the value of (2 - 3) + (4 - 7 - -9)?
5
What is the value of 2 - 0 - (7 - (21 - 14))?
2
Calculate -21 - -19 - (-3 - (-3 + 11)).
9
-10 + 8 + 0 + 9 - 2
5
What is the value of -2 + 3 + -8 + 12 + -11?
-6
Calculate -6 + (1 - -1) + 7.
3
-4 + -6 + 1 + (4 - -3)
-2
Evaluate -3 + (-1 - -4) + 3.
3
What is the value of (11 - 0) + (2 + -5 - 0)?
8
What is the value of -13 + 15 + 4 + (-1 - 4)?
1
What is -2 - (11 + -12) - (-1 + -4)?
4
Evaluate 3 - (-10 + 14 - -6).
-7
What is -11 + (-3 + 8 - 5)?
-11
3 + 2 + -3 - 1
1
What is -4 + 5 + -2 + 7 + -8?
-2
What is (-3 - 1) + 19 + -16?
-1
What is the value of 4 + (5 - (9 + 0))?
0
-1 + -5 + (4 - (3 - 6))
1
What is the value of -2 + (0 + 3 - -4)?
5
What is the value of (3 - 10 - -8) + -5?
-4
5 + -3 + -8 + 5
-1
-1 + -1 - (-1 - 2) - -2
3
What is (2 - (2 - -2)) + 4 - 3?
-1
What is 0 - (1 + -4 + -1 + 3)?
1
What is -8 + (-7 - (-8 + -8))?
1
What is 0 - (-2 - (-8 - -3))?
-3
Evaluate -4 + 3 - (-6 + (-1 - -3)).
3
Evaluate -1 + (-7 - (-4 - -1)).
-5
(4 - 4) + -3 + (4 - -1)
2
Evaluate -6 - -15 - (10 - -7).
-8
What is -10 + 17 - (4 + 2) - 2?
-1
15 + (5 - 8 - 2)
10
Calculate -16 - (-7 - (-1 - -3)).
-7
What is -3 - 10 - -4 - (-4 + -5)?
0
What is 3 + (3 - (6 + 3))?
-3
What is the value of -7 - (-6 + (-9 - -1) + 6)?
1
What is -76 + 77 - ((0 - 1) + -1)?
3
What is 6 - -1 - (215 - 216)?
8
What is 13 + (4 - 18 - -6)?
5
Evaluate 14 - (10 - (-5 - -4)).
3
Calculate -1 + 2 - (3 - 2).
0
What is the value of -14 + 0 - (-15 - -9)?
-8
What is 21 - 23 - (-5 - (-4 + 2))?
1
Calculate 3 - -3 - (4 - 6 - -6).
2
-4 - -7 - (2 + -2 + 4)
-1
What is 6 + (-1 - 4) - 5?
-4
5 - 0 - -5 - 10
0
Evaluate -2 + 9 - (12 - 6 - -4).
-3
(-4 - (0 + 5 + -11)) + -1
1
What is the value of 19 - (13 - 6) - 12?
0
Evaluate -1 - (1 - (5 + 1)).
4
Evaluate -1 + (2 - 2) - -1.
0
-11 + (-10 - -11) + -1 + 5
-6
What is the value of (0 - -3) + (8 - 14 - 2)?
-5
0 - 3 - (-2 - 4)
3
What is (1 + -3 - -11) + -4 - 8?
-3
Calculate -2 + -1 + (5 - 5 - 4).
-7
Calculate -1 - (-1 - (-2 + 6)).
4
4 + (-4 - -3) - (-12 - -6)
9
What is the value of -1 - (-3 - -10 - 10)?
2
What is -1 + 2 + -5 + -1?
-5
Evaluate (1 - 0) + -1 - 3.
-3
Evaluate -10 - (4 - 8) - -2.
-4
-27 + 28 + (0 - -4)
5
What is 2 + 1 + (-3 - 1) + -2?
-3
What is (2 - -2 - 2) + 1?
3
Evaluate 6 - (1 + (5 - 2)).
2
Evaluate (-11 - -4) + (-1 - (-2 + -1)).
-5
What is 1 - -11 - 3 - 4?
5
What is (4 - 8) + 0 - -7?
3
What is the value of 0 + 4 + -8 - -5?
1
Evaluate 4 + -1 + 2 + 0.
5
Evaluate 3 + (1 - 0 - -1).
5
8 - (10 + -5) - (1 + 0)
2
Calculate 4 - 8 - 2 - (1 + -7).
0
Calculate -10 + 10 + -5 - (-6 - 0).
1
Evaluate 2 + (-3 - (-3 - (2 - 3))).
1
What is the value of 7 - -2 - 5 - 1?
3
59 + -53 - (0 + -1 + -1)
8
-5 - (2 - 4 - 1)
-2
What is the value of -1 - 2 - (4 - 12 - -9)?
-4
What is 5 + (-12 - -3) - -4?
0
Evaluate 5 + 8 + -10 + -7 + -2.
-6
What is (-14 - (-6 - 4)) + -1?
-5
(1 - (1 + 1)) + (-4 - -7)
2
What is the value of 7 - (-4 + 1 + 10)?
0
Evaluate -3 + (-4 + 13 - (4 - 1)).
3
Calculate -1 + (-1 - 0) + 5 - 0.
3
What is 1 - (2 - 0) - (-73 + 68)?
4
Evaluate 33 + -30 - (-1 - -5) - -6.
5
Evaluate -1 + (3 - (0 + 3)) - 3.
-4
What is the value of 7 + -7 - (1 - (3 + -2))?
0
7 - (1 - 2 - -8)
0
(6 - 0 - 11) + 1 - -2
-2
Calculate (3 - 17 - -14) + 2 + 4.
6
-4 - (4 + -3 + -2 - 0)
-3
What is the value of (12 - 5) + 2 - 3?
6
What is -4 - (2 + (4 - 8))?
-2
What is the value of 7 + -2 - (0 + 10)?
-5
What is 5 + 1 - (-101 + 104)?
3
What is 0 + (-2 - (-3 - -5)) - -1?
-3
3 + (6 - 6) - (-9 - -16)
-4
Evaluate 8 - (0 - -18 - 8).
-2
Calculate -2 - (-1 - (-3 - -1)).
-3
Evaluate (-4 - -5) + 4 + -2 + 5.
8
What is (27 - 28 - (-1 + 9)) + 2?
-7
Calculate 0 + -8 + 6 + (1 - 0).
-1
(-2 - (-3 - 0)) + -1
0
Calculate (-6 - -7) + (-1 - (1 + -2)).
1
Evaluate -2 - -6 - (7 + 0).
-3
Evaluate (4 - -3) + -1 + -2 - -2.
6
(-4 - -5) + -5 + 8 - 3
1
Evaluate -6 - (-2 - (-5 - -6 - -4)).
1
Calculate -1 - -10 - (-3 + 7).
5
What is -4 + (1 - -13) + (11 - 14)?
7
What is the value of -2 + 1 + 13 - (-66 + 71)?
7
What is the value of (-10 - -5) + 8 + 0 + -4?
-1
What is 4 + -6 + (0 + 2 - 1)?
-1
What is 7 + -13 + 0 + 1 + 2?
-3
Calculate (-1 - -6) + (22 - 23).
4
Calculate 8 + -11 + 2 + 7.
6
Calculate 1 - ((-13 - -7) + 3) - 2.
2
Calculate (0 - -1) + -4 + 7.
4
What is the value of -8 - -11 - (1 - 4)?
6
What is -1 + 2 + -41 + 33?
-7
What is the value of 65 - 70 - (1 + -1)?
-5
What is 0 + -7 + 3 + 9 - 4?
1
Evaluate 4 - (5 - 2 - 2).
3
What is (0 - (6 - 4)) + 3?
1
What is the value of (-2 - -3) + 0 - (-1 - -3)?
-1
Evaluate (-4 - (-5 - -4)) + 1.
-2
What is (-7 - 4) + (1 - -5)?
-5
What is the value of 9 + (5 - 11 - -8)?
11
What is 2 - 5 - (-2 + -1 - 2)?
2
7 + 3 + (-1 - 1)
8
Calculate -8 + 3 - -3 - -1.
-1
What is 4 + (7 - 3 - (12 + -5))?
1
Calculate (-1 - 0) + 5 + (5 - 6).
3
-15 - -5 - (-1 + -5)
-4
What is the value of 33 + -33 - ((-1 - -5) + -1)?
-3
Evaluate 11 - 0 - (2 - (-13 - -11)).
7
Evaluate (-14 - (0 + -3)) + 7 + -4.
-8
0 + -6 - -9 - (5 + -2)
0
-1 + -1 + 0 + (2 - 5)
-5
Evaluate (-6 - (-4 - 8) - 17) + 8.
-3
Evaluate 0 + -2 - (2 - (-1 - -3)).
-2
Calculate 3 + -2 + (-2 - -1) + 4.
4
What is 22 - 10 - (0 + 5)?
7
-5 + 0 + 2 + -1 + 1
-3
0 - -16 - (-9 + 11) - 7
7
What is the value of 1 - -10 - (3 + 4)?
4
Calculate (-7 - -1) + -13 + 31 + -11.
1
(40 - 36) + (-2 - 4)
-2
2 + (24 - 19) + (-5 - 0)
2
Evaluate 5 - (2 + 0 + 0) - 4.
-1
Evaluate -3 - ((-9 - -1) + 1).
4
Calculate 3 + 8 + (6 - 1 - 11).
5
Evaluate -10 + -2 + 1 + 6 + 11.
6
Calculate -1 + 0 + (-2 - (2 - 5)).
0
0 + 2 + -9 + 2 + 1
-4
-15 + 18 - (0 + 0) - 3
0
Calculate 0 - -1 - (-16 + 11).
6
What is -4 - (-1 + -2 - 3) - 6?
-4
Calculate (1 - -4) + (19 - (-21 - -42)).
3
What is 1 + (5 - (2 + -6 + 6))?
4
Calculate 0 + (-4 - (-4 - (3 - 7))).
-4
What is 1 + 4 - (4 + -4)?
5
Evaluate 5 - (4 - (3 + -1)).
3
What is -17 + 7 - (2 + -8)?
-4
What is -3 + (4 - -4) - (-1 + -2)?
8
Calculate 6 + 0 + -4 - (0 - 1).
3
What is the value of -10 - -5 - (-4 + 2) - 0?
-3
What is -10 + (-6 - 0 - 1 - -10)?
-7
Evaluate -3 - -2 - -7 - 1.
5
Evaluate -1 + (6 - (-4 - -6)) - 5.
-2
(0 - -6) + -1 + 0 + -3
2
Calculate -3 + 8 - -1 - 8.
-2
What is -5 - (1 + 0 + -11)?
5
What is (9 + -4 - 9) + -3?
-7
Evaluate 4 + (-14 - -8) + 1.
-1
What is the value of 1 + -2 + (10 - 2) + -14?
-7
What is the val